95802?
2
What is the units digit of 14843586?
6
What is the ten thousands digit of 4504513?
0
What is the millions digit of 1895806?
1
What is the millions digit of 1106665?
1
What is the units digit of 1640170?
0
What is the ten thousands digit of 16911532?
1
What is the thousands digit of 1159918?
9
What is the thousands digit of 560232?
0
What is the hundred thousands digit of 5564905?
5
What is the hundreds digit of 3218716?
7
What is the hundred thousands digit of 456002?
4
What is the hundred thousands digit of 621481?
6
What is the hundred thousands digit of 9701088?
7
What is the units digit of 1357267?
7
What is the ten thousands digit of 181475?
8
What is the units digit of 573097?
7
What is the ten thousands digit of 1188586?
8
What is the thousands digit of 962080?
2
What is the units digit of 253842?
2
What is the millions digit of 5257502?
5
What is the ten millions digit of 14079775?
1
What is the ten thousands digit of 8318828?
1
What is the hundreds digit of 1123204?
2
What is the hundreds digit of 11771076?
0
What is the ten thousands digit of 561759?
6
What is the thousands digit of 1843324?
3
What is the hundreds digit of 15414207?
2
What is the tens digit of 230927?
2
What is the ten millions digit of 29359190?
2
What is the ten thousands digit of 763568?
6
What is the units digit of 351456?
6
What is the hundreds digit of 1073486?
4
What is the thousands digit of 2963747?
3
What is the ten thousands digit of 10101662?
0
What is the millions digit of 4465530?
4
What is the hundred thousands digit of 6846437?
8
What is the units digit of 6093941?
1
What is the hundreds digit of 2143599?
5
What is the units digit of 48823?
3
What is the tens digit of 652233?
3
What is the hundred thousands digit of 449582?
4
What is the thousands digit of 29906?
9
What is the millions digit of 29986993?
9
What is the ten thousands digit of 15713642?
1
What is the millions digit of 5485439?
5
What is the units digit of 841849?
9
What is the hundred thousands digit of 669872?
6
What is the thousands digit of 579205?
9
What is the thousands digit of 3655512?
5
What is the thousands digit of 908997?
8
What is the hundred thousands digit of 395544?
3
What is the hundred thousands digit of 22445942?
4
What is the hundred thousands digit of 37844659?
8
What is the hundreds digit of 1816126?
1
What is the tens digit of 31377193?
9
What is the hundreds digit of 110156?
1
What is the tens digit of 1005234?
3
What is the hundreds digit of 4763763?
7
What is the thousands digit of 231567?
1
What is the units digit of 3107350?
0
What is the ten thousands digit of 2077739?
7
What is the hundred thousands digit of 14090945?
0
What is the thousands digit of 1518819?
8
What is the hundreds digit of 4289037?
0
What is the millions digit of 5633802?
5
What is the hundreds digit of 179573?
5
What is the tens digit of 1017034?
3
What is the millions digit of 3777177?
3
What is the tens digit of 44744?
4
What is the ten millions digit of 32120196?
3
What is the tens digit of 5555337?
3
What is the thousands digit of 434571?
4
What is the thousands digit of 267509?
7
What is the hundred thousands digit of 129956?
1
What is the millions digit of 1886880?
1
What is the hundred thousands digit of 8205647?
2
What is the tens digit of 1839389?
8
What is the units digit of 2625953?
3
What is the hundreds digit of 15415211?
2
What is the units digit of 314470?
0
What is the hundred thousands digit of 229104?
2
What is the millions digit of 5474986?
5
What is the hundred thousands digit of 31241349?
2
What is the hundred thousands digit of 304672?
3
What is the units digit of 223911?
1
What is the thousands digit of 3324059?
4
What is the thousands digit of 208910?
8
What is the ten thousands digit of 18302069?
0
What is the hundred thousands digit of 2250184?
2
What is the ten millions digit of 11843847?
1
What is the tens digit of 775651?
5
What is the ten thousands digit of 2729028?
2
What is the millions digit of 1162501?
1
What is the millions digit of 27532357?
7
What is the units digit of 22857215?
5
What is the tens digit of 4161?
6
What is the ten thousands digit of 408366?
0
What is the tens digit of 5957192?
9
What is the hundreds digit of 16440?
4
What is the hundreds digit of 6832?
8
What is the thousands digit of 278960?
8
What is the hundreds digit of 209673?
6
What is the tens digit of 40123077?
7
What is the hundred thousands digit of 440908?
4
What is the hundred thousands digit of 567660?
5
What is the hundred thousands digit of 280273?
2
What is the hundreds digit of 274115?
1
What is the units digit of 249032?
2
What is the tens digit of 2060940?
4
What is the units digit of 5322188?
8
What is the millions digit of 7186834?
7
What is the tens digit of 17987623?
2
What is the hundreds digit of 458497?
4
What is the tens digit of 221884?
8
What is the thousands digit of 612242?
2
What is the ten thousands digit of 428731?
2
What is the tens digit of 266717?
1
What is the hundreds digit of 6792191?
1
What is the thousands digit of 493617?
3
What is the hundred thousands digit of 2925584?
9
What is the units digit of 4834377?
7
What is the hundreds digit of 1555286?
2
What is the hundreds digit of 354724?
7
What is the units digit of 90517?
7
What is the hundreds digit of 1308926?
9
What is the thousands digit of 555073?
5
What is the tens digit of 631621?
2
What is the ten thousands digit of 8245492?
4
What is the millions digit of 1821492?
1
What is the units digit of 6718034?
4
What is the tens digit of 211947?
4
What is the millions digit of 2355955?
2
What is the ten thousands digit of 140880?
4
What is the ten thousands digit of 33202457?
0
What is the hundreds digit of 10999?
9
What is the hundred thousands digit of 176443?
1
What is the tens digit of 913867?
6
What is the hundred thousands digit of 11986204?
9
What is the millions digit of 12667317?
2
What is the hundred thousands digit of 136010?
1
What is the units digit of 8858278?
8
What is the units digit of 291000?
0
What is the hundred thousands digit of 152088?
1
What is the units digit of 325529?
9
What is the units digit of 854458?
8
What is the hundred thousands digit of 895468?
8
What is the hundred thousands digit of 239869?
2
What is the ten thousands digit of 250024?
5
What is the ten thousands digit of 80400?
8
What is the hundreds digit of 908019?
0
What is the ten thousands digit of 1116731?
1
What is the ten thousands digit of 5613841?
1
What is the millions digit of 9057369?
9
What is the hundreds digit of 308040?
0
What is the hundred thousands digit of 9385591?
3
What is the units digit of 41118?
8
What is the tens digit of 64412?
1
What is the millions digit of 2223848?
2
What is the hundreds digit of 2757727?
7
What is the tens digit of 60001?
0
What is the units digit of 12641939?
9
What is the ten thousands digit of 507347?
0
What is the ten thousands digit of 487779?
8
What is the millions digit of 1613661?
1
What is the ten thousands digit of 18129003?
2
What is the hundred thousands digit of 1417836?
4
What is the hundreds digit of 274758?
7
What is the ten thousands digit of 153115?
5
What is the units digit of 179533?
3
What is the hundred thousands digit of 502183?
5
What is the hundred thousands digit of 13464530?
4
What is the hundred thousands digit of 1487056?
4
What is the units digit of 214973?
3
What is the millions digit of 2774522?
2
What is the thousands digit of 6705161?
5
What is the units digit of 2208132?
2
What is the millions digit of 4280098?
4
What is the units digit of 296870?
0
What is the units digit of 5947?
7
What is the hundred thousands digit of 244596?
2
What is the hundred thousands digit of 175468?
1
What is the thousands digit of 6440806?
0
What is the ten thousands digit of 5181832?
8
What is the tens digit of 10997650?
5
What is the thousands digit of 104978?
4
What is the units digit of 100796?
6
What is the hundreds digit of 90966?
9
What is the ten thousands digit of 251736?
5
What is the units digit of 15282422?
2
What is the hundreds digit of 1169438?
4
What is the hundreds digit of 270892?
8
What is the thousands digit of 396317?
6
What is the hundreds digit of 6177616?
6
What is the units digit of 8455?
5
What is the thousa